mon factor of u and x?
14
Let z be (-22)/(-33)*-10*(-348)/16. What is the greatest common divisor of z and 29?
29
Suppose 0 = -5*d + 3*d + a + 133, 3*a = -d + 63. Let q = d + -1. What is the highest common divisor of 52 and q?
13
Let o be (-2 - (-48 + -1)) + -2. Suppose 0 = -8*h + 3*h - 5*g + 15, -g - 27 = -5*h. Calculate the highest common divisor of o and h.
5
Let o = 73 + -73. Let h = 22 - o. What is the highest common divisor of h and 2?
2
Let b(v) = 72*v + 208. Let h be b(2). What is the highest common divisor of 121 and h?
11
Suppose -193 + 28 = -5*g. Suppose -256*j + 264*j = 24. What is the highest common divisor of j and g?
3
Let j = 37 + -54. Let d = 63 + -34. Let l = d + j. What is the highest common factor of l and 60?
12
Suppose -l - 3 - 5 = -2*u, -3*l + 12 = 0. Let z = 108 + -81. Suppose -13*t + z = 1. Calculate the greatest common factor of t and u.
2
Let l(x) = 55*x - 168. Let o be l(16). What is the greatest common factor of 8 and o?
8
Let f = -8 - -22. Suppose 0 = 3*b - 16 + 37. Let c = 91 - b. What is the greatest common factor of c and f?
14
Suppose -g + 1050 = 5*n, 2*n = -g - n + 1060. Calculate the highest common divisor of g and 43.
43
Let k = -185 + 199. What is the greatest common divisor of 126 and k?
14
Let v(f) = -f**3 - 4*f**2 + 16*f + 2. Let o be v(-6). Let z be -3*((-11)/o - (-38)/(-4)). What is the greatest common factor of z and 189?
27
Let z be 12/(-9) + 4015/(-15). Let x = 271 - z. Suppose r = 5*r - x. Calculate the greatest common factor of 15 and r.
15
Let o(d) = d**3 + 12*d**2 + 15*d - 13. Let y be o(-9). What is the highest common divisor of 15 and y?
5
Let u be (-2 - -2) + (-21)/(-7). Suppose 11 = -c + u*z, 2*z = 3*c - 0 - 2. Suppose -306 = 2*k - c*k. Calculate the greatest common divisor of k and 17.
17
Let c(q) = -2*q + 17. Let b(s) = 6*s - 52. Let w(r) = 5*b(r) + 16*c(r). Let f be w(0). Suppose 38 + 70 = 3*g. What is the highest common factor of g and f?
12
Let y(u) = u**3 + 23*u**2 - 2*u - 17. Let k be y(-23). Let a = k + 7. Calculate the greatest common factor of 24 and a.
12
Let a = -740 + 770. What is the greatest common factor of a and 1455?
15
Let g be (-3)/4*((-21)/(-7) + -23). What is the highest common divisor of 15 and g?
15
Let v(g) = -23*g - 105. Let j be v(-42). Calculate the greatest common factor of j and 246.
123
Let i(k) = 2*k + 4. Let a = -20 - -20. Suppose 2*j - j - 7 = a. Let d be i(j). Calculate the highest common factor of d and 45.
9
Suppose -d + 107 = 3*s - 2*d, -2*s = d - 73. Suppose 2*u - 10*u + 112 = 0. Let x = 18 - u. What is the highest common divisor of x and s?
4
Suppose -5*n + 76 = 4*h, 0*n = -3*n + 2*h + 50. Calculate the highest common factor of n and 4.
4
Let n(x) = -16*x**3 - x + 2. Let p be n(-2). Suppose -2*a - 4*a = -p. Calculate the highest common factor of a and 2.
2
Suppose 0 = 3*l - 100 + 34. Let s = 37 - l. Calculate the greatest common factor of 30 and s.
15
Let x(o) = -3*o**2 - 4*o. Let t(h) = -4*h**2 - 3*h. Let u(b) = -5*t(b) + 4*x(b). Let d be u(2). What is the highest common divisor of 10 and d?
10
Let r(d) = 2*d**2 + 18*d - 16. Let c be r(-13). Suppose -92 - c = -5*a. What is the highest common divisor of 90 and a?
18
Let p = 1122 - 1023. Calculate the greatest common factor of p and 18.
9
Let w(s) = -s**3 + 21*s**2 + 6*s + 6. Let x be w(15). Suppose 0 = -4*q + 402 + x. Calculate the greatest common divisor of q and 42.
42
Let f(b) = -b**3 + 9*b**2 - 11*b - 1. Let i be f(6). Calculate the highest common factor of i and 1.
1
Let i(s) be the first derivative of 4*s + 2*s**2 + 9 + 1/3*s**3. Let f be i(-6). What is the highest common divisor of f and 16?
16
Let l(t) = -2*t + 75. Let i be l(11). What is the highest common divisor of i and 371?
53
Let v(g) = -2*g**3 - 11*g**2 - 3*g + 6. Let u be v(-5). Let d be u/(12/3)*-6. What is the highest common divisor of d and 15?
3
Let q = 127 + -90. Let c = q + -27. Calculate the highest common divisor of c and 40.
10
Let i be ((-5)/(-2))/(-5)*-14. Suppose 4*t + 130 = -50. Let x be 4/(-10) - 1593/t. Calculate the greatest common factor of i and x.
7
Suppose 8*j - 245 = -45. Let q(u) = -42*u + 7. Let l be q(-4). What is the highest common factor of l and j?
25
Let d be 120*(-5)/30*-15. What is the greatest common divisor of 12 and d?
12
Let r(n) = 6*n**2 + 20*n + 7. Let h be r(-8). Suppose -f - 26 = -2*a, 0*f - 2*f - 2*a - 58 = 0. Let o = -7 - f. What is the greatest common factor of o and h?
21
Suppose -3*t + 8 = 3*j - 37, 10 = t - 4*j. What is the greatest common factor of 1022 and t?
14
Let c(i) = 6*i + 2. Let l be c(-2). Let b = -6 - l. Let h be (-69)/(-3)*(b - 1). Calculate the highest common factor of h and 23.
23
Let t = 6 + -5. Let o be -1 + (t - 0) + 3. Let z = 13 - o. Calculate the greatest common factor of z and 70.
10
Let z = -10 + 82. Calculate the highest common factor of z and 456.
24
Let h be 10/(0 + 4/(-50)). Let f = h + 272. Calculate the highest common divisor of f and 21.
21
Let z(n) = -68*n - 1537. Let v be z(-23). Let g = -8 + 44. What is the greatest common factor of g and v?
9
Let b be (-235)/(-5) - 2 - 0/5. Let h = -22 - -31. Calculate the highest common divisor of b and h.
9
Suppose 1076 = 4*j - 2*c - 3*c, 5*c + 20 = 0. Suppose 0*h - j = -3*h. Let l = -357 - -368. What is the greatest common factor of h and l?
11
Suppose 11*q - 13*q + 3*u + 165 = 0, -5*q + 4*u = -423. What is the highest common divisor of q and 6?
3
Let o = -1349 + 1389. Calculate the greatest common factor of o and 64.
8
Suppose -5*j - 265 = -3*m, 3*m - j - 55 = 190. Suppose -11*g - 28*g = -624. What is the highest common divisor of m and g?
16
Suppose -a - 257 = 5*b - 3*a, b - 2*a = -53. Let r = b + 163. Calculate the greatest common factor of 14 and r.
14
Suppose -19 = z - 28. Let o be (22/(-3))/((-8)/108). What is the greatest common divisor of z and o?
9
Let a(c) = -18*c - 160. Let l be a(-9). What is the greatest common factor of l and 74?
2
Let t(s) = 3*s**2 + s - 11. Let y be t(-5). Let j = 84 - y. What is the greatest common divisor of j and 10?
5
Let l(z) = -z**2 + 7*z + 77. Let u be l(11). Calculate the greatest common divisor of u and 132.
33
Let q be (-27)/(-21) - ((-18)/(-14) + -1). Calculate the greatest common divisor of q and 45.
1
Let k be 788/22 - (-2)/11. Suppose 0*n + 10 = -2*n, -5*i + 5*n = -1465. Calculate the highest common divisor of k and i.
36
Let r be (-404)/(-12) + 4/(-6). Suppose -y + 1 = 4*b + 10, 3*y = -5*b - 6. Calculate the highest common factor of y and r.
3
Let c be 1/(-6 - 193/(-32)). What is the highest common divisor of c and 10?
2
Let m(s) = -s**3 + 5*s**2 - s + 7. Let t be m(5). Suppose t*x = -3*x + 15. Suppose -2*u - 108 = -6*u. Calculate the greatest common divisor of u and x.
3
Suppose -16 = 4*s, -4*m + 0*s = 2*s - 72. Let h = -106 + 504. Suppose 0 = -3*g + 3*p + 215 + 19, -5*g + h = -p. What is the greatest common factor of m and g?
20
Suppose 126*s = 128*s - 210. Calculate the greatest common divisor of 10 and s.
5
Let i(d) = -d**2 - 58*d - 143. Let b be i(-45). Calculate the greatest common factor of 78 and b.
26
Let w = -113 - -118. Suppose 4*m + 76 = 2*h, 2*h - 47 = h + w*m. Calculate the greatest common factor of 8 and h.
8
Suppose 2*o + 3*o = 450. Suppose 5*j - m = -0*m + o, -5*j - 5*m + 120 = 0. Let a = 75 - -1. What is the highest common divisor of a and j?
19
Let g = -1994 - -2027. Calculate the greatest common factor of g and 44.
11
Let o(n) = -n + 45. Suppose 4*m - 5*c = -92, 10*m = 5*m + c - 94. Let b be o(m). Calculate the greatest common factor of b and 14.
7
Suppose -5*m = -3*a + 3, 56*a = 51*a + 2*m + 24. Calculate the greatest common divisor of a and 177.
3
Let p(d) = -d**3 - 5*d**2 - d + 13. Let t be p(-6). Let j = t - 43. Calculate the highest common factor of j and 8.
4
Suppose -806 = 6*a - 37*a. What is the greatest common divisor of a and 1586?
26
Let y(x) = -2*x + 8. Let t be (1 - -12) + 15/(-5). Let r be y(t). Let s(f) = f**2 + 11*f + 2. Let m be s(r). What is the highest common divisor of m and 56?
14
Let v = 37 + 36. Suppose 0 = f + 4*h - 8, 4*h + v - 1 = 4*f. Let r be (-94)/(-4) - 3/(-6). Calculate the highest common divisor of f and r.
8
Let m be (-1 + 10/4)*20/15. Suppose -2*z - m*z - 14 = -5*c, -3*z = -2*c. Calculate the highest common divisor of 